0. Let r = -193 + z. Let o = r + 194. What is the units digit of o?
5
Suppose -164*i - 513161 + 9435909 = 0. What is the hundreds digit of i?
4
Let u = 87 + -9. Suppose -u*k = -81*k + 135. Let g = 254 - k. What is the units digit of g?
9
Let c = 562 + -254. Let k = c - 187. What is the tens digit of k?
2
Suppose 5*o - 8556 - 12149 = 0. What is the units digit of o?
1
Let q(m) = 1686*m**3 - 3*m**2 - 7*m + 13. Let k(y) = 3373*y**3 - 7*y**2 - 14*y + 28. Let r(t) = -4*k(t) + 9*q(t). What is the hundreds digit of r(1)?
6
Let f = 2124 + -3854. Let s = f - -2997. What is the tens digit of s?
6
Let v be (-159)/(-12) + 1 + 2/(-8). Suppose v*z = 17*z. Suppose z = 2*r - 79 - 109. What is the tens digit of r?
9
Suppose 3*r - 40864 = -5*u, -3*u + 19310 = -3*r - 5218. What is the tens digit of u?
7
Let y be (-1219713)/(-330) + ((-9)/3)/30. Let s = -2596 + y. What is the hundreds digit of s?
1
Let i = -1158 - -2482. Let f = i - 327. What is the tens digit of f?
9
Suppose -3 = -f, w - 3*f + 12 = 2*w. Suppose -3*v - 11 - 6 = -2*u, 0 = -w*v + 4*u - 13. What is the units digit of (-1)/(3/(-543)) + 7 + v?
1
Suppose 72*m - 1251 = 63*m. Suppose 0 = 3*d + 2*k - 4, 3*d + 4*k - 8 = 3*k. Suppose -393 = -d*t + m. What is the hundreds digit of t?
1
Suppose 2*v - 6 = 0, 200*h - 4*v + 254442 = 209*h. What is the thousands digit of h?
8
Suppose 2*w = 2*j - 4, -3*j + 7*w - 5*w = -7. Suppose 4*m + 1016 = j*t, 6*t + 1021 = 9*t - 5*m. What is the hundreds digit of t?
3
Let s = -6510 - -33750. What is the ten thousands digit of s?
2
Let z = 504 + -493. Suppose z*l = 3*l + 376. What is the tens digit of l?
4
Suppose -5*t - 2*t = -28. Suppose -t*u + 32 + 0 = 0. What is the units digit of u?
8
Let j = 3869 + -2631. Suppose -4*p + 1388 = 4*z, 183 - j = -3*p + 4*z. What is the hundreds digit of p?
3
Let l = 58 - 53. Suppose -6 + 1 = -5*a, l*s - 3*a - 2577 = 0. What is the tens digit of s?
1
Suppose -5*q = -p + 962 + 1197, -p = 5*q + 2161. Suppose -4*y + 9*y = 0, -1200 = 4*f - y. Let z = f - q. What is the units digit of z?
2
Let h be (4 + (-26 - -13))/(1/(-1)). Suppose 0 = 3*b - h, j - 1619 = 10*b - 5*b. What is the units digit of j?
4
Let m be (-1790)/(-15) - (-2)/3. What is the tens digit of (-12855)/(-18) + (-20)/m?
1
Suppose 28*g - 22*g = 5208. Let o = g + -444. What is the hundreds digit of o?
4
Let z(a) = 318*a + 2699. What is the hundreds digit of z(70)?
9
Suppose -32 - 43 = -15*g. Suppose -8*r + 5*r = 12, 5*r + 6915 = g*s. What is the tens digit of s?
7
Let n = 7461 - 1121. What is the thousands digit of n?
6
Suppose 20*q + 376 = -344. Let m(n) = n**2 + 27*n - 61. What is the units digit of m(q)?
3
Let h be (920/(-69))/((-32)/(-33) - 1). Let k = h - 84. What is the units digit of k?
6
Let v be ((-2)/(-8))/((-18)/(-72)). What is the tens digit of v/((-4)/(-8)*(-10)/(-3515))?
0
Suppose s = 22*s - 3045. Suppose 9*q - 4*w - s = 6*q, -44 = -q - 3*w. What is the tens digit of q?
4
Suppose 7*q = -q + 4464. Suppose 750 = 2*v - q. What is the units digit of v/7 + (-3)/7?
3
Suppose m - 11 = -5*k, 1 = 12*m - 11*m - 5*k. Suppose -m*g - 3*g + 4842 = 0. What is the units digit of g?
8
Suppose 3*h + g = 5456 + 5403, 2*h - 7222 = -5*g. What is the thousands digit of h?
3
Let f(j) = -j**3 + 30*j**2 - 32*j + 82. Let n be f(29). What is the hundreds digit of 236/295 + (-4491)/n?
8
Suppose 99*a = 94*a + 5*k + 122425, -73457 = -3*a + 5*k. What is the ten thousands digit of a?
2
Suppose 15*s + 147 = 18*s - 3*u, -s - 3*u + 69 = 0. Suppose 39*y - s*y = -5820. What is the tens digit of y?
8
Suppose 468 = -5*s + 11*s. What is the units digit of 344/(s/(-30) - -3) + -5?
5
Suppose n = -2*c + 13162, 300*c + 19729 = 303*c - 2*n. What is the hundreds digit of c?
5
Let l = 9678 - -16735. What is the ten thousands digit of l?
2
Suppose r - 4*d = -12, 4*r + 5*d = 5*r + 16. Suppose l = -5*p + 67, 0 = -r*p - 3*l - l + 60. Suppose p = v - 2. What is the tens digit of v?
1
Suppose -743428 = -81*p + 146681. What is the hundreds digit of p?
9
Suppose 137 - 149 = -3*s. Suppose -307 = -s*b + 393. What is the hundreds digit of b?
1
Let u(s) = 48*s + 20. Let x be u(23). What is the hundreds digit of x + 0 + 30/(-5)?
1
Let f be (-21)/(-1) + 16/4. Suppose 0 = 5*g + 3*y + f, -2*g + g = 5*y + 27. Let t(v) = -9*v**3 + 3*v**2 + v - 2. What is the tens digit of t(g)?
8
Let x(n) = -6 + 94*n**2 + 2 + 8*n - 95*n**2. Let w be x(4). Suppose w*y - 231 = 9*y. What is the units digit of y?
7
Suppose -2*n - 4*d = -1270, 4*n - 3165 = -n - 5*d. Let k = n + -376. What is the tens digit of k?
5
Suppose 0 = -6*j + 42*j + 50*j - 3897778. What is the ten thousands digit of j?
4
Let l(i) be the first derivative of i**4/4 + 4*i**3 + 21*i**2/2 + 11*i - 13. Let t be l(-10). Let j = t - -69. What is the units digit of j?
0
Suppose -30105 = -4*d + 3*t, -3*t - 37635 = 3*d - 8*d. What is the hundreds digit of d?
5
Let y = 10012 - -6601. What is the hundreds digit of y?
6
Suppose -2*r + 66094 = -3*i, -5*r + 6*i + 93827 + 71408 = 0. What is the units digit of r?
7
Let q = 267 + -135. Let l = q + -22. What is the hundreds digit of l?
1
Suppose 2*m - 469 = 4866 + 717. What is the hundreds digit of m?
0
Let b = 1373 - 1514. Let i(r) = -2*r**3 - 2*r - 2. Let d be i(-5). Let x = d + b. What is the units digit of x?
7
What is the ten thousands digit of (295596/90)/((-2)/(-10))?
1
Let j(h) = -13*h**3 - h**2 + 1. Suppose 2 = -q - q. Let f be j(q). Suppose 17*g - 452 = f*g. What is the tens digit of g?
1
Let c = -2679 - -1741. Let z = -238 - c. What is the units digit of z?
0
Let q = -7997 + 19892. What is the units digit of q?
5
Suppose 51*a - 49*a - 83339 = t, 0 = -t - 5. What is the units digit of a?
7
Suppose -570 = -n - r, 0*r - 579 = -n + 2*r. Suppose q + 778 = 4*w, 2*w = -3*q - 191 + n. What is the units digit of w?
4
Suppose -u = -3, 0 = -0*k + 4*k - 5*u - 61. Let j be (-3 - k)/(-2 - (-7)/4). Let f = j + -54. What is the units digit of f?
4
Let o = -94 + 94. Suppose u - 16 = 3*v, -u + v + 10 = -o*v. What is the units digit of 16/12 + (u/(-3) - -2)?
1
What is the tens digit of (-54 - (-10 + -1455)) + 1 + -1 + 0?
1
Suppose 0 = 3*k + 6*k - 27. What is the tens digit of (11 + 78)/(k/6)?
7
Let p(f) = 190*f**3 + 28*f**2 - 69*f - 22. What is the units digit of p(3)?
3
Suppose -5*x + 5*z + 0*z = -115, 5*x = z + 123. Let s = 891 + -811. Suppose -s + x = -3*l - 5*n, -5*l - 5*n = -85. What is the units digit of l?
5
Let y = 159 - 156. Let t = -679 - -397. What is the tens digit of t*(-3 + 2)/y?
9
Let v(s) = -7*s + 40. Let c be v(18). Let d = c - -157. Suppose -4*n = 4*u - 524, -u - 191 = -2*n + d. What is the units digit of n?
1
Suppose 197*w + 17*w = 9940086. What is the thousands digit of w?
6
Let q(m) = 136*m**2 + 2*m + 1. Let p(i) = -2*i + 45. Let o be p(20). Let h = o - 6. What is the hundreds digit of q(h)?
1
What is the tens digit of (-5)/3*(-44 - -47) + 2580?
7
Suppose 0 = -9*b - 65 + 200. Suppose -h = c - 5, b = 3*h + c + 4. Suppose -h*m + 97 = r + 2*m, -r = -m - 85. What is the tens digit of r?
8
Let l = 35005 + -22920. What is the units digit of l?
5
Suppose -7*z + 8699 + 4188 = 0. What is the units digit of z?
1
Let o(n) = 47*n**2 - 245*n - 497. What is the thousands digit of o(27)?
7
Suppose -d + 136 = 2*z - z, 5*d - 5*z = 680. Suppose 2*f - d - 508 = 0. What is the tens digit of f?
2
Let o(b) = 4*b - 19*b**3 - 7*b**2 + 4 - 11*b**3 + 29 + 30*b**3 - 22*b**3. What is the units digit of o(-4)?
3
Suppose -31*q + 73*q - 1078846 = -224986. What is the ten thousands digit of q?
2
What is the tens digit of (-197642)/(-17)*70/14?
3
Let q(t) = -t**2 - t + 12. Let n be q(-5). Let m(j) = j**2 + 5*j - 25. Let r be m(n). What is the units digit of (-44 + -3)*(-2 - r)?
7
Suppose -165*g + 4508589 = 193*g - 2377541. What is the thousands digit of g?
9
Suppose -17*s = -3370 + 735. Let o = 450 + s. What is the hundreds digit of o?
6
Suppose -12*z + 3256 = 32*z. Let t be (9 + (0 - 0))*2. Let v = z - t. What is the units digit of v?
6
Suppose 3*d + 912 = -v, -5*d = -7*v + 9*v + 1825. Let q = v - -1327. What is the tens digit of q?
1
Let o = 170 + -305. Let c = -126 - o. Suppose 926 - 3041 = -c*v. What is the units digit of v?
5
Let c = 109709 - 64283. What is the units digit of c?
6
Suppose 1449 + 2250 = 9*v. Let p = v + -39. What is the units digit of p?
2
Let r be